[INFO] cloning repository https://github.com/Vikaton/keylogger.rs
[INFO] running `Command { std: "git" "-c" "credential.helper=" "-c" "credential.helper=/workspace/cargo-home/bin/git-credential-null" "clone" "--bare" "https://github.com/Vikaton/keylogger.rs" "/workspace/cache/git-repos/https%3A%2F%2Fgithub.com%2FVikaton%2Fkeylogger.rs", kill_on_drop: false }`
[INFO] [stderr] Cloning into bare repository '/workspace/cache/git-repos/https%3A%2F%2Fgithub.com%2FVikaton%2Fkeylogger.rs'...
[INFO] running `Command { std: "git" "rev-parse" "HEAD", kill_on_drop: false }`
[INFO] [stdout] 8af83ed5401704afe8050c88b1927625b1167a80
[INFO] building Vikaton/keylogger.rs against master#881c1ac408d93bb7adaa3a51dabab9266e82eee8 for issue-85264
[INFO] running `Command { std: "git" "clone" "/workspace/cache/git-repos/https%3A%2F%2Fgithub.com%2FVikaton%2Fkeylogger.rs" "/workspace/builds/worker-11/source", kill_on_drop: false }`
[INFO] [stderr] Cloning into '/workspace/builds/worker-11/source'...
[INFO] [stderr] done.
[INFO] validating manifest of git repo https://github.com/Vikaton/keylogger.rs on toolchain 881c1ac408d93bb7adaa3a51dabab9266e82eee8
[INFO] running `Command { std: "/workspace/cargo-home/bin/cargo" "+881c1ac408d93bb7adaa3a51dabab9266e82eee8" "metadata" "--manifest-path" "Cargo.toml" "--no-deps", kill_on_drop: false }`
[INFO] started tweaking git repo https://github.com/Vikaton/keylogger.rs
[INFO] finished tweaking git repo https://github.com/Vikaton/keylogger.rs
[INFO] tweaked toml for git repo https://github.com/Vikaton/keylogger.rs written to /workspace/builds/worker-11/source/Cargo.toml
[INFO] crate git repo https://github.com/Vikaton/keylogger.rs already has a lockfile, it will not be regenerated
[INFO] running `Command { std: "/workspace/cargo-home/bin/cargo" "+881c1ac408d93bb7adaa3a51dabab9266e82eee8" "fetch" "--manifest-path" "Cargo.toml", kill_on_drop: false }`
[INFO] [stderr]     Blocking waiting for file lock on package cache
[INFO] [stderr]  Downloading crates ...
[INFO] [stderr]   Downloaded winapi-build v0.1.0
[INFO] [stderr]   Downloaded user32-sys v0.1.1
[INFO] [stderr]   Downloaded winmm-sys v0.1.0
[INFO] [stderr]   Downloaded winapi v0.1.20
[INFO] [stderr]   Downloaded libc v0.1.8
[INFO] [stderr]   Downloaded kernel32-sys v0.1.0
[INFO] running `Command { std: "docker" "create" "-v" "/var/lib/crater-agent-workspace/builds/worker-11/target:/opt/rustwide/target:rw,Z" "-v" "/var/lib/crater-agent-workspace/builds/worker-11/source:/opt/rustwide/workdir:ro,Z" "-v" "/var/lib/crater-agent-workspace/cargo-home:/opt/rustwide/cargo-home:ro,Z" "-v" "/var/lib/crater-agent-workspace/rustup-home:/opt/rustwide/rustup-home:ro,Z" "-e" "SOURCE_DIR=/opt/rustwide/workdir" "-e" "CARGO_TARGET_DIR=/opt/rustwide/target" "-e" "CARGO_HOME=/opt/rustwide/cargo-home" "-e" "RUSTUP_HOME=/opt/rustwide/rustup-home" "-w" "/opt/rustwide/workdir" "-m" "1610612736" "--user" "0:0" "--network" "none" "ghcr.io/rust-lang/crates-build-env/linux@sha256:20528e8c29e4536546f0102ce88568b16ea7538393a33fcca951030f7af10457" "/opt/rustwide/cargo-home/bin/cargo" "+881c1ac408d93bb7adaa3a51dabab9266e82eee8" "metadata" "--no-deps" "--format-version=1", kill_on_drop: false }`
[INFO] [stdout] 02ec941c3ecf9e5382457cc77f1204e0375ee9c28be4ba168c8a81f2635af068
[INFO] [stderr] WARNING: Your kernel does not support swap limit capabilities or the cgroup is not mounted. Memory limited without swap.
[INFO] running `Command { std: "docker" "start" "-a" "02ec941c3ecf9e5382457cc77f1204e0375ee9c28be4ba168c8a81f2635af068", kill_on_drop: false }`
[INFO] running `Command { std: "docker" "inspect" "02ec941c3ecf9e5382457cc77f1204e0375ee9c28be4ba168c8a81f2635af068", kill_on_drop: false }`
[INFO] running `Command { std: "docker" "rm" "-f" "02ec941c3ecf9e5382457cc77f1204e0375ee9c28be4ba168c8a81f2635af068", kill_on_drop: false }`
[INFO] [stdout] 02ec941c3ecf9e5382457cc77f1204e0375ee9c28be4ba168c8a81f2635af068
[INFO] running `Command { std: "docker" "create" "-v" "/var/lib/crater-agent-workspace/builds/worker-11/target:/opt/rustwide/target:rw,Z" "-v" "/var/lib/crater-agent-workspace/builds/worker-11/source:/opt/rustwide/workdir:ro,Z" "-v" "/var/lib/crater-agent-workspace/cargo-home:/opt/rustwide/cargo-home:ro,Z" "-v" "/var/lib/crater-agent-workspace/rustup-home:/opt/rustwide/rustup-home:ro,Z" "-e" "SOURCE_DIR=/opt/rustwide/workdir" "-e" "CARGO_TARGET_DIR=/opt/rustwide/target" "-e" "CARGO_INCREMENTAL=0" "-e" "RUST_BACKTRACE=full" "-e" "RUSTFLAGS=--cap-lints=forbid" "-e" "CARGO_HOME=/opt/rustwide/cargo-home" "-e" "RUSTUP_HOME=/opt/rustwide/rustup-home" "-w" "/opt/rustwide/workdir" "-m" "1610612736" "--user" "0:0" "--network" "none" "ghcr.io/rust-lang/crates-build-env/linux@sha256:20528e8c29e4536546f0102ce88568b16ea7538393a33fcca951030f7af10457" "/opt/rustwide/cargo-home/bin/cargo" "+881c1ac408d93bb7adaa3a51dabab9266e82eee8" "build" "--frozen" "--message-format=json", kill_on_drop: false }`
[INFO] [stdout] 7ad72ef59bec8490f9c554d9d408dec33bdfdcd7e13697b10b68fabf04489acd
[INFO] [stderr] WARNING: Your kernel does not support swap limit capabilities or the cgroup is not mounted. Memory limited without swap.
[INFO] running `Command { std: "docker" "start" "-a" "7ad72ef59bec8490f9c554d9d408dec33bdfdcd7e13697b10b68fabf04489acd", kill_on_drop: false }`
[INFO] [stderr]     Blocking waiting for file lock on package cache
[INFO] [stderr]    Compiling libc v0.1.8
[INFO] [stderr]    Compiling winapi-build v0.1.0
[INFO] [stderr]    Compiling winmm-sys v0.1.0
[INFO] [stderr]    Compiling kernel32-sys v0.1.0
[INFO] [stderr]    Compiling winapi v0.1.20
[INFO] [stderr]    Compiling user32-sys v0.1.1
[INFO] [stderr]    Compiling win v0.1.0 (/opt/rustwide/workdir)
[INFO] [stdout] error[E0425]: cannot find function, tuple struct or tuple variant `GetAsyncKeyState` in crate `user32`
[INFO] [stdout]   --> src/main.rs:15:26
[INFO] [stdout]    |
[INFO] [stdout] 15 |         if unsafe { user32::GetAsyncKeyState(i) } == -32767 {
[INFO] [stdout]    |                             ^^^^^^^^^^^^^^^^ not found in `user32`
[INFO] [stdout] 
[INFO] [stdout] 
[INFO] [stdout] error[E0531]: cannot find unit struct, unit variant or constant `VK_TAB` in crate `winapi`
[INFO] [stdout]   --> src/main.rs:20:16
[INFO] [stdout]    |
[INFO] [stdout] 20 |                 winapi::VK_TAB => "[TAB]".into(),
[INFO] [stdout]    |                         ^^^^^^ not found in `winapi`
[INFO] [stdout] 
[INFO] [stdout] 
[INFO] [stdout] error[E0531]: cannot find unit struct, unit variant or constant `VK_SHIFT` in crate `winapi`
[INFO] [stdout]   --> src/main.rs:21:16
[INFO] [stdout]    |
[INFO] [stdout] 21 |                 winapi::VK_SHIFT => "[SHIFT]".into(),
[INFO] [stdout]    |                         ^^^^^^^^ not found in `winapi`
[INFO] [stdout] 
[INFO] [stdout] 
[INFO] [stdout] error[E0531]: cannot find unit struct, unit variant or constant `VK_CONTROL` in crate `winapi`
[INFO] [stdout]   --> src/main.rs:22:16
[INFO] [stdout]    |
[INFO] [stdout] 22 |                 winapi::VK_CONTROL => "[CTRL]".into(),
[INFO] [stdout]    |                         ^^^^^^^^^^ not found in `winapi`
[INFO] [stdout] 
[INFO] [stdout] 
[INFO] [stdout] error[E0531]: cannot find unit struct, unit variant or constant `VK_ESCAPE` in crate `winapi`
[INFO] [stdout]   --> src/main.rs:23:16
[INFO] [stdout]    |
[INFO] [stdout] 23 |                 winapi::VK_ESCAPE => "[ESCAPE]".into(),
[INFO] [stdout]    |                         ^^^^^^^^^ not found in `winapi`
[INFO] [stdout] 
[INFO] [stdout] 
[INFO] [stdout] error[E0531]: cannot find unit struct, unit variant or constant `VK_END` in crate `winapi`
[INFO] [stdout]   --> src/main.rs:24:16
[INFO] [stdout]    |
[INFO] [stdout] 24 |                 winapi::VK_END => "[END]".into(),
[INFO] [stdout]    |                         ^^^^^^ not found in `winapi`
[INFO] [stdout] 
[INFO] [stdout] 
[INFO] [stdout] error[E0531]: cannot find unit struct, unit variant or constant `VK_HOME` in crate `winapi`
[INFO] [stdout]   --> src/main.rs:25:16
[INFO] [stdout]    |
[INFO] [stdout] 25 |                 winapi::VK_HOME => "[HOME]".into(),
[INFO] [stdout]    |                         ^^^^^^^ not found in `winapi`
[INFO] [stdout] 
[INFO] [stdout] 
[INFO] [stdout] error[E0531]: cannot find unit struct, unit variant or constant `VK_LEFT` in crate `winapi`
[INFO] [stdout]   --> src/main.rs:26:16
[INFO] [stdout]    |
[INFO] [stdout] 26 |                 winapi::VK_LEFT => "[LEFT]".into(),
[INFO] [stdout]    |                         ^^^^^^^ not found in `winapi`
[INFO] [stdout] 
[INFO] [stdout] 
[INFO] [stdout] error[E0531]: cannot find unit struct, unit variant or constant `VK_UP` in crate `winapi`
[INFO] [stdout]   --> src/main.rs:27:16
[INFO] [stdout]    |
[INFO] [stdout] 27 |                 winapi::VK_UP => "[UP]".into(),
[INFO] [stdout]    |                         ^^^^^ not found in `winapi`
[INFO] [stdout] 
[INFO] [stdout] 
[INFO] [stdout] error[E0531]: cannot find unit struct, unit variant or constant `VK_RIGHT` in crate `winapi`
[INFO] [stdout]   --> src/main.rs:28:16
[INFO] [stdout]    |
[INFO] [stdout] 28 |                 winapi::VK_RIGHT => "[RIGHT]".into(),
[INFO] [stdout]    |                         ^^^^^^^^ not found in `winapi`
[INFO] [stdout] 
[INFO] [stdout] 
[INFO] [stdout] error[E0531]: cannot find unit struct, unit variant or constant `VK_DOWN` in crate `winapi`
[INFO] [stdout]   --> src/main.rs:29:16
[INFO] [stdout]    |
[INFO] [stdout] 29 |                 winapi::VK_DOWN => "[DOWN]".into(),
[INFO] [stdout]    |                         ^^^^^^^ not found in `winapi`
[INFO] [stdout] 
[INFO] [stdout] 
[INFO] [stdout] error[E0425]: cannot find function, tuple struct or tuple variant `SleepEx` in crate `kernel32`
[INFO] [stdout]   --> src/main.rs:37:24
[INFO] [stdout]    |
[INFO] [stdout] 37 |     unsafe { kernel32::SleepEx(1,1); }
[INFO] [stdout]    |                        ^^^^^^^ not found in `kernel32`
[INFO] [stdout] 
[INFO] [stdout] 
[INFO] [stdout] error[E0412]: cannot find type `HWND` in crate `winapi`
[INFO] [stdout]   --> src/main.rs:42:27
[INFO] [stdout]    |
[INFO] [stdout] 42 |     let mut stealth: winapi::HWND;
[INFO] [stdout]    |                              ^^^^ not found in `winapi`
[INFO] [stdout] 
[INFO] [stdout] 
[INFO] [stdout] error[E0425]: cannot find function, tuple struct or tuple variant `AllocConsole` in crate `kernel32`
[INFO] [stdout]   --> src/main.rs:44:13
[INFO] [stdout]    |
[INFO] [stdout] 44 |         kernel32::AllocConsole();
[INFO] [stdout]    |                   ^^^^^^^^^^^^ not found in `kernel32`
[INFO] [stdout] 
[INFO] [stdout] 
[INFO] [stdout] error[E0425]: cannot find function, tuple struct or tuple variant `FindWindowA` in crate `user32`
[INFO] [stdout]   --> src/main.rs:45:21
[INFO] [stdout]    |
[INFO] [stdout] 45 |         stealth = user32::FindWindowA(std::ffi::CString::new("ConsoleWindowClass").unwrap().as_ptr(), std::ptr::null());
[INFO] [stdout]    |                           ^^^^^^^^^^^ not found in `user32`
[INFO] [stdout] 
[INFO] [stdout] 
[INFO] [stdout] error[E0425]: cannot find function, tuple struct or tuple variant `ShowWindow` in crate `user32`
[INFO] [stdout]   --> src/main.rs:46:11
[INFO] [stdout]    |
[INFO] [stdout] 46 |         user32::ShowWindow(stealth,0);
[INFO] [stdout]    |                 ^^^^^^^^^^ not found in `user32`
[INFO] [stdout] 
[INFO] [stdout] 
[INFO] [stdout] error: aborting due to 16 previous errors
[INFO] [stdout] 
[INFO] [stdout] 
[INFO] [stdout] Some errors have detailed explanations: E0412, E0425, E0531.
[INFO] [stdout] 
[INFO] [stdout] For more information about an error, try `rustc --explain E0412`.
[INFO] [stdout] 
[INFO] [stderr] error: could not compile `win`
[INFO] [stderr] 
[INFO] [stderr] To learn more, run the command again with --verbose.
[INFO] running `Command { std: "docker" "inspect" "7ad72ef59bec8490f9c554d9d408dec33bdfdcd7e13697b10b68fabf04489acd", kill_on_drop: false }`
[INFO] running `Command { std: "docker" "rm" "-f" "7ad72ef59bec8490f9c554d9d408dec33bdfdcd7e13697b10b68fabf04489acd", kill_on_drop: false }`
[INFO] [stdout] 7ad72ef59bec8490f9c554d9d408dec33bdfdcd7e13697b10b68fabf04489acd
